{"id":112,"date":"2014-07-28T10:30:39","date_gmt":"2014-07-28T10:30:39","guid":{"rendered":"https:\/\/www.islam-anatolia.ac.uk\/?page_id=112"},"modified":"2017-08-08T11:37:32","modified_gmt":"2017-08-08T11:37:32","slug":"publications","status":"publish","type":"page","link":"https:\/\/www.islam-anatolia.ac.uk\/?page_id=112","title":{"rendered":"Publications"},"content":{"rendered":"<h3>2013<\/h3>\n<p>A.C.S. Peacock, \u201cFrom the Balkhan-Kuhiyan to the Nawakiya: Nomadic politics and the foundations of Seljuq rule in Anatolia\u201d in Juergen Paul, ed. <em>Nomad Aristocrats in a World of Empires<\/em> (Wiesbaden, 2013), 55-80.<\/p>\n<p>Zeynep Oktay. <em>Mesnev\u00ee-i Baba Kaygusuz.<\/em> (Cambridge, MA: Harvard University Department of Near Eastern Languages and Literatures, 2013)<\/p>\n<p>.<img loading=\"lazy\" decoding=\"async\" class=\"wp-image-276 aligncenter\" src=\"https:\/\/www.islam-anatolia.ac.uk\/wp-content\/uploads\/2014\/07\/IMG_0395-1-225x300.jpg\" alt=\"IMG_0395 (1)\" width=\"151\" height=\"192\" \/><\/p>\n<h3>2014<\/h3>\n<p><a href=\"http:\/\/dx.doi.org\/10.1080\/09503110.2014.956476\" target=\"_blank\" rel=\"noopener\">A.C.S. Peacock, \u201cThe Seljuk sultanate of Rum and the Turkmen of the Byzantine frontier, 1206-1278\u2033, al-Masaq: Journal of the Medieval Mediterranean 26:3 (2014).<\/a><\/p>\n<p><a href=\"http:\/\/booksandjournals.brillonline.com\/content\/journals\/10.1163\/22105956-12341267\">Bruno De Nicola, \u201cThe ladies of R\u016bm: A hagiographic view on women in the 13th and 14th century Anatolia\u201d Journal of Sufi Studies 3:2 (2014), 132\u2013156.<\/a><\/p>\n<p>Bruno De Nicola, \u201cPatrons or murids? Mongol women and shaykhs in Ilkhanid Iran and Anatolia\u201d Iran: Journal of British Institute of Persian Studies 52 (2014), 143-156.<\/p>\n<p><a href=\"http:\/\/jis.oxfordjournals.org\/content\/25\/3\/263.extract\" target=\"_blank\" rel=\"noopener\">Sara Nur Yildiz, \u201cFrom Cairo to Aya Suluk: Haci Pasa and the transmission of Islamic learning to western Anatolia in the late 14th century\u201d, Journal of Islamic Studies 25:3 (2014), 263-297.<\/a><\/p>\n<h3>2015<\/h3>\n<p><a href=\"http:\/\/www.ashgate.com\/default.aspx?page=637&amp;calcTitle=1&amp;isbn=9781472448637&amp;lang=cy-gb\" target=\"_blank\" rel=\"noopener\">ACS Peacock, Bruno De Nicola and Sara Nur Yildiz (eds), <em>Islam and Christianity in Medieval Anatolia<\/em> (Ashgate, 2015).<\/a><\/p>\n<p><a href=\"https:\/\/www.islam-anatolia.ac.uk\/wp-content\/uploads\/2014\/07\/Islam-and-Christinity_Cover.jpg\"><img loading=\"lazy\" decoding=\"async\" class=\" wp-image-278 aligncenter\" src=\"https:\/\/www.islam-anatolia.ac.uk\/wp-content\/uploads\/2014\/07\/Islam-and-Christinity_Cover-300x220.jpg\" alt=\"Islam and Christinity_Cover\" width=\"269\" height=\"200\" \/><\/a><\/p>\n<p>A.C.S. Peacock, &#8220;An Interfaith Polemic of Medieval Anatolia: Qadi Burhan al-Din al-Anawi on the Armenians and their Heresies&#8221; in A.C.S. Peacock, Sara Nur Y\u0131ld\u0131z and Bruno de Nicola, eds. <em>Islam and Christianity in Mediaeval Anatolia<\/em>. (Surrey, UK: Ashgate, 2015), 233-262.<\/p>\n<p>A.C.S. Peacock, \u201cCide and its region from Seljuk to Ottoman times\u201d in Bleda S. D\u00fcring and Claudia Glatz (eds), <a href=\"https:\/\/www.degruyter.com\/view\/product\/462641?format=EBOK\"><em>Kinetic Landscapes. The Cide Archaeological Project: Surveying the Turkish Western Black Sea Region<\/em><\/a> (Berlin: De Gruyter, 2015): 375-391<\/p>\n<p>Sara Nur Y\u0131ld\u0131z, \u201cBattling <em>Kufr<\/em> (Disbelief) in the Land of Infidels: G\u00fcl\u015fehr\u012b\u2019s Early Fourteenth-century Turkish Adaptation of \u2018A\u1e6d\u1e6d\u0101r\u2019s<em> Man\u1e6diq al-\u1e6dayr<\/em>.\u201d In A.C.S. Peacock, Sara Nur Y\u0131ld\u0131z and Bruno de Nicola, eds. <em>Islam and Christianity in Mediaeval Anatolia<\/em>. (Surrey, UK: Ashgate, 2015), 329-347.<\/p>\n<p>&nbsp;<\/p>\n<p><strong>2016<br \/>\n<\/strong><\/p>\n<p><a href=\"http:\/\/www.ergon-verlag.de\/en\/e-books\/istanbuler-texte-und-studien\/band-34-e-book.php\" target=\"_blank\" rel=\"noopener\">A.C.S. Peacock and Sara Nur Y\u0131ld\u0131z, eds. <em>Literature and Intellectual Life in Fourteenth- and Fifteenth-century Anatolia<\/em>. (W\u00fcrzburg: Ergon Verlag W\u00fcrzburg in Kommission<\/a>).<\/p>\n<div><\/div>\n<div>A.C.S. Peacock and Sara Nur Y\u0131ld\u0131z, \u201cIntroduction: Literature, Language and History in Late Medieval Anatolia.\u201d In A.C.S. Peacock and S.N. Y\u0131ld\u0131z, eds. <i>Islamic <\/i><i><span lang=\"TR\">Literature and Intellectual Life in Fourteenth- and Fifteenth-century Anatolia<\/span><\/i><span lang=\"TR\">. W\u00fcrzburg: Ergon Verlag W\u00fcrzburg in Kommission, 2016, 19-45<i>.<\/i><\/span><\/div>\n<div><\/div>\n<div><\/div>\n<div>Bruno De Nicola, &#8220;The <em>Fustat al-&#8216;Adala<\/em>: A Unique Manuscript on the Religious Landscape of Medieval Anatolia&#8221; in A.C.S. Peacock and Sara Nur Y\u0131ld\u0131z (eds), <em>Islamic Literature and Intellectual Life in Fourteenth- and Fifteenth-Century Anatolia <\/em>(Wurzburg: Ergon Verlag; Istanbuler Texte und Studien 34, 2016), 101-136.<\/div>\n<div><\/div>\n<div><\/div>\n<div>Zeynep Oktay, &#8220;Layers of Mystical Meaning and Social Context in the Works of Kaygusuz Abdal&#8221; A.C.S. Peacock and Sara Nur Y\u0131ld\u0131z (eds), <em>Islamic Literature and Intellectual Life in Fourteenth- and Fifteenth-Century Anatolia <\/em>(Wurzburg: Ergon Verlag; Istanbuler Texte und Studien 34, 2016): 73-99.<\/div>\n<div><\/div>\n<div><\/div>\n<div>A.C.S. Peacock, \u201cRulership and metaphysics in late medieval central Anatolia: Qadi Burhan al-Din of Sivas and his <em>Iksir al-Sa\u2018adat<\/em>\u201d in A.C.S. Peacock and Sara Nur Y\u0131ld\u0131z (eds), <em>Islamic Literature and Intellectual Life in Fourteenth- and Fifteenth-Century Anatolia <\/em>(Wurzburg: Ergon Verlag; Istanbuler Texte und Studien 34, 2016): 101-136.<\/div>\n<div><\/div>\n<div>A.C.S. Peacock, \u201cAdvice for the sultans of Rum: the \u2018mirrors for princes\u2019 of early thirteenth-century Anatolia\u201d in Bill Hickman and Gary Leiser (eds), <em>Turkish Language, Literature and History: Travelers\u2019 tales, sultans, and scholars since the eighth century<\/em> (London: Routledge, 2016): 276-307.<\/div>\n<div><\/div>\n<div>Y\u0131ld\u0131z, Sara Nur.\u00a0\u201cAyd\u0131nid Court Literature and the Formation of an Islamic Identity in Fourteenth-century Western Anatolia.\u201d In A.C.S. Peacock and S.N. Y\u0131ld\u0131z, eds. <i>Islamic <\/i><i><span lang=\"TR\">Literature and Intellectual Life in Fourteenth- and Fifteenth-century Anatolia<\/span><\/i><span lang=\"TR\">. W\u00fcrzburg: Ergon Verlag W\u00fcrzburg in Kommission, 2016, 197-243.<\/span><\/div>\n<div><\/div>\n<div><span lang=\"TR\">\u00a0<\/span><\/div>\n<div><\/div>\n<div><strong>2017<\/strong><\/div>\n<div><\/div>\n<div><a href=\"https:\/\/edinburghuniversitypress.com\/book-islamisation.html\" target=\"_blank\" rel=\"noopener\">A.C.S. Peacock, ed. <em>Islamisation: Comparative Perspectives from History<\/em> (Edinburgh: Edinburgh University Press)<\/a><\/div>\n<div><\/div>\n<div><\/div>\n<div>A.C.S. Peacock, &#8220;Islamisation in Medieval Anatolia&#8221; in A.C.S. Peacock, ed. <em>Islamisation: Comparative Perspectives from History<\/em> (Edinburgh: Edinburgh University Press), 134-155<\/div>\n<div><\/div>\n<div><\/div>\n<div>Bruno De Nicola, &#8220;The Role of the Domestic Sphere in the Islamisation of the Mongols&#8221; in A.C.S. Peacock, ed. <em>Islamisation: Comparative Perspectives from History<\/em> (Edinburgh: Edinburgh University Press), 353-372.<\/div>\n<p><a href=\"https:\/\/doi.org\/10.1017\/S0041977X17000477\" target=\"_blank\" rel=\"noopener\">Y\u0131ld\u0131z, Sara Nur. \u201cA Hanafi Law Manual in the Vernacular: Devleto\u011flu Y\u016bsuf Bal\u0131\u1e33esr\u012b\u2019s Turkish Verse Adaptation of the <i>Hid\u0101ya<\/i>&#8211;<i>Wiq\u0101ya<\/i> Textual Tradition for the Ottoman Sultan Murad II (827\/1424).\u201d <i>Bulletin of the School of Oriental and African Studies <\/i>80, no. 2 (2017): 283-304.<\/a><\/p>\n<p>&nbsp;<\/p>\n<p><strong>2018<\/strong><\/p>\n<p>A.C.S. Peacock, &#8220;Islamisation in the Golden Horde and Anatolia: Some remarks on travelling scholars and texts&#8221;\u00a0 <span class=\"st\"><em>Revue des mondes musulmans et de la M\u00e9diterran\u00e9e <\/em>143<\/span><\/p>\n<div class=\"sharedaddy sd-sharing-enabled\"><div class=\"robots-nocontent sd-block sd-social sd-social-icon-text sd-sharing\"><h3 class=\"sd-title\">Share this:<\/h3><div class=\"sd-content\"><ul><li class=\"share-facebook\"><a rel=\"nofollow\" data-shared=\"sharing-facebook-112\" class=\"share-facebook sd-button share-icon\" href=\"https:\/\/www.islam-anatolia.ac.uk\/?page_id=112&amp;share=facebook\" target=\"_blank\" title=\"Click to share on Facebook\"><span>Facebook<\/span><\/a><\/li><li class=\"share-twitter\"><a rel=\"nofollow\" data-shared=\"sharing-twitter-112\" class=\"share-twitter sd-button share-icon\" href=\"https:\/\/www.islam-anatolia.ac.uk\/?page_id=112&amp;share=twitter\" target=\"_blank\" title=\"Click to share on Twitter\"><span>Twitter<\/span><\/a><\/li><li><a href=\"#\" class=\"sharing-anchor sd-button share-more\"><span>More<\/span><\/a><\/li><li class=\"share-end\"><\/li><\/ul><div class=\"sharing-hidden\"><div class=\"inner\" style=\"display: none;\"><ul><li class=\"share-google-plus-1\"><a rel=\"nofollow\" data-shared=\"sharing-google-112\" class=\"share-google-plus-1 sd-button share-icon\" href=\"https:\/\/www.islam-anatolia.ac.uk\/?page_id=112&amp;share=google-plus-1\" target=\"_blank\" title=\"Click to share on Google+\"><span>Google<\/span><\/a><\/li><li class=\"share-linkedin\"><a rel=\"nofollow\" data-shared=\"sharing-linkedin-112\" class=\"share-linkedin sd-button share-icon\" href=\"https:\/\/www.islam-anatolia.ac.uk\/?page_id=112&amp;share=linkedin\" target=\"_blank\" title=\"Click to share on LinkedIn\"><span>LinkedIn<\/span><\/a><\/li><li class=\"share-end\"><\/li><li class=\"share-pinterest\"><a rel=\"nofollow\" data-shared=\"sharing-pinterest-112\" class=\"share-pinterest sd-button share-icon\" href=\"https:\/\/www.islam-anatolia.ac.uk\/?page_id=112&amp;share=pinterest\" target=\"_blank\" title=\"Click to share on Pinterest\"><span>Pinterest<\/span><\/a><\/li><li class=\"share-pocket\"><a rel=\"nofollow\" data-shared=\"\" class=\"share-pocket sd-button share-icon\" href=\"https:\/\/www.islam-anatolia.ac.uk\/?page_id=112&amp;share=pocket\" target=\"_blank\" title=\"Click to share on Pocket\"><span>Pocket<\/span><\/a><\/li><li class=\"share-end\"><\/li><li class=\"share-reddit\"><a rel=\"nofollow\" data-shared=\"\" class=\"share-reddit sd-button share-icon\" href=\"https:\/\/www.islam-anatolia.ac.uk\/?page_id=112&amp;share=reddit\" target=\"_blank\" title=\"Click to share on Reddit\"><span>Reddit<\/span><\/a><\/li><li class=\"share-tumblr\"><a rel=\"nofollow\" data-shared=\"\" class=\"share-tumblr sd-button share-icon\" href=\"https:\/\/www.islam-anatolia.ac.uk\/?page_id=112&amp;share=tumblr\" target=\"_blank\" title=\"Click to share on Tumblr\"><span>Tumblr<\/span><\/a><\/li><li class=\"share-end\"><\/li><li class=\"share-print\"><a rel=\"nofollow\" data-shared=\"\" class=\"share-print sd-button share-icon\" href=\"https:\/\/www.islam-anatolia.ac.uk\/?page_id=112\" target=\"_blank\" title=\"Click to print\"><span>Print<\/span><\/a><\/li><li class=\"share-end\"><\/li><\/ul><\/div><\/div><\/div><\/div><\/div>","protected":false},"excerpt":{"rendered":"<p>2013 A.C.S. Peacock, \u201cFrom the Balkhan-Kuhiyan to the Nawakiya: Nomadic politics and the foundations of Seljuq rule in Anatolia\u201d in Juergen Paul, ed. Nomad Aristocrats in a World of Empires (Wiesbaden, 2013), 55-80. Zeynep Oktay. Mesnev\u00ee-i Baba Kaygusuz. (Cambridge, MA: Harvard University Department of Near Eastern Languages and Literatures, 2013) &hellip; <span class=\"continue-reading\"><a href=\"https:\/\/www.islam-anatolia.ac.uk\/?page_id=112\">Continue reading <span class=\"meta-nav\">&rarr;<\/span><\/a><\/span><\/p>\n<div class=\"sharedaddy sd-sharing-enabled\"><div class=\"robots-nocontent sd-block sd-social sd-social-icon-text sd-sharing\"><h3 class=\"sd-title\">Share this:<\/h3><div class=\"sd-content\"><ul><li class=\"share-facebook\"><a rel=\"nofollow\" data-shared=\"sharing-facebook-112\" class=\"share-facebook sd-button share-icon\" href=\"https:\/\/www.islam-anatolia.ac.uk\/?page_id=112&amp;share=facebook\" target=\"_blank\" title=\"Click to share on Facebook\"><span>Facebook<\/span><\/a><\/li><li class=\"share-twitter\"><a rel=\"nofollow\" data-shared=\"sharing-twitter-112\" class=\"share-twitter sd-button share-icon\" href=\"https:\/\/www.islam-anatolia.ac.uk\/?page_id=112&amp;share=twitter\" target=\"_blank\" title=\"Click to share on Twitter\"><span>Twitter<\/span><\/a><\/li><li><a href=\"#\" class=\"sharing-anchor sd-button share-more\"><span>More<\/span><\/a><\/li><li class=\"share-end\"><\/li><\/ul><div class=\"sharing-hidden\"><div class=\"inner\" style=\"display: none;\"><ul><li class=\"share-google-plus-1\"><a rel=\"nofollow\" data-shared=\"sharing-google-112\" class=\"share-google-plus-1 sd-button share-icon\" href=\"https:\/\/www.islam-anatolia.ac.uk\/?page_id=112&amp;share=google-plus-1\" target=\"_blank\" title=\"Click to share on Google+\"><span>Google<\/span><\/a><\/li><li class=\"share-linkedin\"><a rel=\"nofollow\" data-shared=\"sharing-linkedin-112\" class=\"share-linkedin sd-button share-icon\" href=\"https:\/\/www.islam-anatolia.ac.uk\/?page_id=112&amp;share=linkedin\" target=\"_blank\" title=\"Click to share on LinkedIn\"><span>LinkedIn<\/span><\/a><\/li><li class=\"share-end\"><\/li><li class=\"share-pinterest\"><a rel=\"nofollow\" data-shared=\"sharing-pinterest-112\" class=\"share-pinterest sd-button share-icon\" href=\"https:\/\/www.islam-anatolia.ac.uk\/?page_id=112&amp;share=pinterest\" target=\"_blank\" title=\"Click to share on Pinterest\"><span>Pinterest<\/span><\/a><\/li><li class=\"share-pocket\"><a rel=\"nofollow\" data-shared=\"\" class=\"share-pocket sd-button share-icon\" href=\"https:\/\/www.islam-anatolia.ac.uk\/?page_id=112&amp;share=pocket\" target=\"_blank\" title=\"Click to share on Pocket\"><span>Pocket<\/span><\/a><\/li><li class=\"share-end\"><\/li><li class=\"share-reddit\"><a rel=\"nofollow\" data-shared=\"\" class=\"share-reddit sd-button share-icon\" href=\"https:\/\/www.islam-anatolia.ac.uk\/?page_id=112&amp;share=reddit\" target=\"_blank\" title=\"Click to share on Reddit\"><span>Reddit<\/span><\/a><\/li><li class=\"share-tumblr\"><a rel=\"nofollow\" data-shared=\"\" class=\"share-tumblr sd-button share-icon\" href=\"https:\/\/www.islam-anatolia.ac.uk\/?page_id=112&amp;share=tumblr\" target=\"_blank\" title=\"Click to share on Tumblr\"><span>Tumblr<\/span><\/a><\/li><li class=\"share-end\"><\/li><li class=\"share-print\"><a rel=\"nofollow\" data-shared=\"\" class=\"share-print sd-button share-icon\" href=\"https:\/\/www.islam-anatolia.ac.uk\/?page_id=112\" target=\"_blank\" title=\"Click to print\"><span>Print<\/span><\/a><\/li><li class=\"share-end\"><\/li><\/ul><\/div><\/div><\/div><\/div><\/div>","protected":false},"author":1,"featured_media":0,"parent":0,"menu_order":0,"comment_status":"closed","ping_status":"closed","template":"","meta":{"footnotes":""},"class_list":["post-112","page","type-page","status-publish","hentry"],"_links":{"self":[{"href":"https:\/\/www.islam-anatolia.ac.uk\/index.php?rest_route=\/wp\/v2\/pages\/112","targetHints":{"allow":["GET"]}}],"collection":[{"href":"https:\/\/www.islam-anatolia.ac.uk\/index.php?rest_route=\/wp\/v2\/pages"}],"about":[{"href":"https:\/\/www.islam-anatolia.ac.uk\/index.php?rest_route=\/wp\/v2\/types\/page"}],"author":[{"embeddable":true,"href":"https:\/\/www.islam-anatolia.ac.uk\/index.php?rest_route=\/wp\/v2\/users\/1"}],"replies":[{"embeddable":true,"href":"https:\/\/www.islam-anatolia.ac.uk\/index.php?rest_route=%2Fwp%2Fv2%2Fcomments&post=112"}],"version-history":[{"count":22,"href":"https:\/\/www.islam-anatolia.ac.uk\/index.php?rest_route=\/wp\/v2\/pages\/112\/revisions"}],"predecessor-version":[{"id":309,"href":"https:\/\/www.islam-anatolia.ac.uk\/index.php?rest_route=\/wp\/v2\/pages\/112\/revisions\/309"}],"wp:attachment":[{"href":"https:\/\/www.islam-anatolia.ac.uk\/index.php?rest_route=%2Fwp%2Fv2%2Fmedia&parent=112"}],"curies":[{"name":"wp","href":"https:\/\/api.w.org\/{rel}","templated":true}]}}